est common divisor of 38 and w?
19
Let y = 70 - 56. Let i(f) = 3*f**3 - 4*f**2 + 4*f - 2. Let t be i(2). Calculate the highest common factor of t and y.
14
Let h = -3 - -6. Let q(n) = -272*n - 1336. Let x be q(-5). Calculate the highest common factor of x and h.
3
Suppose -17*s = -16*s - 33. What is the highest common factor of s and 99?
33
Let j be (-109 + 1)*(-273)/117. What is the greatest common factor of j and 168?
84
Suppose -10*n - 259 - 241 = 0. Let q = -42 - n. What is the greatest common factor of q and 24?
8
Let y(b) = 6*b**2 - 4*b + 9. Let n be y(3). What is the greatest common factor of 510 and n?
51
Suppose 0 = 5*i + 40 - 65. Calculate the highest common factor of i and 5.
5
Let o be (0 - -5 - 2) + 0 + -48. Let d = 67 + o. What is the highest common divisor of d and 22?
22
Suppose -35*d = -32*d - 15. Suppose 4*o = 2*r - 16, -8 + 3 = d*o. Calculate the highest common factor of r and 2.
2
Let w be (5160/48)/(0 - (-3)/6). Suppose -4*p + 152 = 4*u, 4*u + 0 = -20. What is the highest common divisor of p and w?
43
Let i(t) = 5*t - 1. Let m be i(1). Suppose 5*l = 127 + 3. Suppose 4*h + u = 3*u + l, -u + 29 = 5*h. What is the greatest common divisor of m and h?
2
Suppose -3*h + x + 0 = -11, -2*h - 2*x - 6 = 0. Suppose h*z = -3*z + 400. Calculate the highest common divisor of 16 and z.
16
Let t = 31 - 19. Suppose -6*v + 4*v - 5*v = 0. Suppose v = -2*f + 16 + t. What is the highest common factor of f and 21?
7
Let o(w) be the first derivative of -5*w**4/2 + w**2 + w - 4. Let u be o(-1). What is the greatest common factor of 72 and u?
9
Suppose 0 = -2*c - 0*c + 10. Suppose -812 = -20*l + 888. Calculate the greatest common divisor of l and c.
5
Suppose 516 = -r + 7*r. Let v = -51 + r. What is the greatest common divisor of v and 5?
5
Suppose -a = -t + 4, 0 = 3*a - a - 5*t + 23. Let b = 6 + 5. Let n be (a + 0)/(12 - b). What is the highest common factor of 1 and n?
1
Suppose 63*u + 400 = 73*u. What is the highest common factor of u and 30?
10
Let w = 203 - 417. Let x = 226 + w. Suppose 3*k - 178 = -j, -k + 2*j = 2*k - 184. What is the highest common factor of x and k?
12
Let o be 2422/(-692)*((-32)/7 - 0). What is the greatest common factor of 48 and o?
16
Suppose 89*f = 3340 + 1110. What is the greatest common factor of f and 2400?
50
Let u(q) = q**3 - q**2 - 3*q + 2. Let g be u(0). Suppose -g*p = s - 89, 6*s - 2*s = -p + 41. What is the greatest common divisor of 5 and p?
5
Suppose 3*d - 5*s + 2 = 0, -3 + 9 = -3*s. Let k(b) = -b**2 - 5*b. Let a be k(d). What is the highest common factor of 4 and a?
4
Let v(y) be the third derivative of y**4/8 + 3*y**3 - 24*y**2. Let u be v(2). What is the greatest common factor of u and 72?
24
Suppose 0 = 5*f - 4*n + 10, -f - n - 5 - 6 = 0. Let o be (-4)/f - 1272/(-36). Calculate the highest common divisor of 9 and o.
9
Let i = -15 + 26. Let h = 13 - i. Let p be (2 - -35) + (-4)/h. Calculate the highest common divisor of p and 14.
7
Let c(h) = 2*h - 10. Let o be c(9). Let t = o - 1. Suppose -23 = -4*a + 5. What is the greatest common divisor of t and a?
7
Let h(d) = 34*d - 84. Let o be h(6). Calculate the greatest common divisor of 96 and o.
24
Suppose 0 = 3*a - 7*a + 396. Suppose -3 = -2*i + 19. What is the highest common factor of a and i?
11
Suppose 5*v - 590 = -3*d, -4*v = -43*d + 44*d - 206. Calculate the highest common divisor of d and 133.
19
Let h = 36 + -6. Let a be (8*(-8)/(-64))/(1/75). What is the greatest common factor of a and h?
15
Suppose -3*r + 598 = -902. Let n be 4/(-14) - r/(-35). Calculate the greatest common factor of 98 and n.
14
Suppose 4*q = -q. Suppose -4*x + k + 7 + 42 = q, -5*k = 5. Let w = 28 - 10. Calculate the greatest common divisor of x and w.
6
Suppose 250 = 2*t + 2*d, 138 = 2*t + 5*d - 103. Let w = t - 105. Calculate the greatest common divisor of 23 and w.
23
Suppose 494 = 22*x - 694. Suppose 2*h - 3*t - 10 = -3, 0 = -5*t - 5. Calculate the greatest common factor of x and h.
2
Let t be (2/9)/(-4 + 2090/522). What is the greatest common divisor of t and 261?
29
Suppose -3*l - 4 = 2, 34 = 5*u - 2*l. Let v be u + (-21)/3 + 3. What is the highest common divisor of v and 18?
2
Suppose -2*i - 8 = -54. Calculate the highest common factor of i and 161.
23
Let y(o) = o**2 + 22*o - 17. Let g be y(-26). Suppose g = 3*t + f, -t + 2*t - 31 = -f. Calculate the highest common divisor of t and 252.
28
Let k(q) = 6*q + 6. Let n = 9 - 7. Let h be k(n). Calculate the highest common factor of h and 12.
6
Let c = -2490 + 3493. Suppose -4*z + c - 139 = 0. Let j = -2498 + 2525. What is the highest common divisor of j and z?
27
Suppose -4*d - d + 233 = -p, d = 2*p + 52. Calculate the highest common divisor of 2 and d.
2
Let l(u) = u**3 - 11*u**2 + 13*u + 6. Let o be l(10). Suppose 0 = -f + 10 + 14. Calculate the greatest common factor of o and f.
12
Let g = 1210 - 1188. Calculate the greatest common factor of g and 77.
11
Let o(m) = 2*m - 14. Let y be o(8). Let r be (2 + 3 - y) + 19. Let j be 224/r - 4/22. Calculate the highest common factor of j and 80.
10
Let u(s) = s + 16. Let m be u(-11). Suppose 0 = -m*x + 5*j + 1785, -5*x + 1923 = 4*j + 183. What is the highest common divisor of x and 32?
32
Let h(t) = t. Let k be h(1). Let x be k + 2 + 15 - -2. Let q = x - 15. Calculate the greatest common factor of q and 55.
5
Let b = -1254 - -1257. Let g(l) = -l**3 - l + 3. Let c be g(0). Calculate the highest common divisor of c and b.
3
Let f be -644*((1 - 8) + 4). Calculate the highest common divisor of 28 and f.
28
Let f be 18 + (-32)/4 + 8. Calculate the greatest common factor of f and 657.
9
Suppose 0 - 8 = 4*s, s + 290 = 3*y. Suppose 5*l + 3*h - 225 = 0, l - 6*l = -2*h - 250. What is the greatest common divisor of y and l?
48
Let p(h) = 2*h - 8. Let f be p(5). Suppose -f*n = -43 + 17. Calculate the highest common divisor of 117 and n.
13
Suppose g - 173 = -115. Calculate the greatest common divisor of 145 and g.
29
Suppose 4*c + 29 = 3*r, c + 1 + 22 = 3*r. Suppose 9*b - 4*b = 215. Suppose -b - r = -m. Calculate the highest common factor of 75 and m.
25
Suppose 0 = 4*v + 6 - 66. Suppose -2*w = -1 - v. Calculate the greatest common factor of w and 32.
8
Let m(u) = -u**3 + 12*u**2 + 15*u + 6. Let o be m(13). Let i = 6 - -23. Let a = o - i. Calculate the greatest common divisor of 9 and a.
3
Let x = 153 - 100. Suppose -4*h + 9 = 1, -h + 187 = -5*c. Let i = x + c. What is the greatest common factor of 4 and i?
4
Let l(n) = -15*n**3 + 2*n**2 - n - 2. Let d be l(-1). What is the greatest common divisor of 232 and d?
8
Let i(g) = 29*g**3 + 3*g**2 + 2*g - 4. Let h be i(1). What is the highest common divisor of 40 and h?
10
Let j be (-6)/1 + (2 - 10) + 716. What is the greatest common divisor of 9 and j?
9
Let t(l) = l. Let b be t(5). Suppose s + 5*j = -6, -4*s + 5*s + j + 2 = 0. Let d be s/(1*(-1)/25). Calculate the highest common factor of b and d.
5
Suppose 0 = 3*b - 3*n - 47 + 5, -5*b + 94 = 3*n. Suppose -b = -a + 10. Calculate the highest common factor of 27 and a.
27
Suppose 162 - 71 = t. Calculate the highest common divisor of 117 and t.
13
Let l(p) = -2*p**2 + 9*p + 7. Let o be l(3). Let h(v) = -11 + 2*v**2 + 6*v + v**2 - 2*v**2. Let w be h(11). Calculate the greatest common divisor of w and o.
16
Let h be (-24)/(-6) - (4 - (2 - -70)). What is the greatest common factor of 40 and h?
8
Suppose -35*t + 34*t + 56 = 0. What is the highest common factor of t and 63?
7
Suppose 9*q = 11*q - 34. Suppose 63 = 5*v - q. Calculate the greatest common factor of v and 32.
16
Let z(a) = 4*a + 63. Let m be z(-12). Calculate the greatest common factor of 555 and m.
15
Suppose 21*h - 26*h + 80 = 5*x, h + 5 = -4*x. Let i be (23/(-3))/((-3)/117). What is the highest common factor of h and i?
23
Let v = -415 + 734. What is the greatest common factor of 29 and v?
29
Let c(f) = -f**3 - 3*f**2 + 4*f - 7. Let b be c(-5). Let i = -269 + 430. Calculate the highest common factor of i and b.
23
Let d = 961 - 895. Let a = 0 - -14. Let h = a - 8. Calculate the greatest common factor of h and d.
6
Let y be 2/(-4)*(2371 - -5)/(-4). Let i be 18*(9/2)/3. What is the greatest common divisor of i and y?
27
Suppose -4*h - 68 = -4*b, 2*b + 5*h = 6*b - 73. What is the greatest common divisor of 354 and b?
6
Suppose -3*w = -227 - 4. 